f 8 and b?
4
Suppose -q - 777 = -4*q - 3*l, 3 = -3*l. Calculate the highest common factor of q and 100.
20
Suppose 5*c + 2*f = 6*f + 188, -4*c + 140 = 2*f. Suppose d + 525 = 3*o + 6*d, -4*o = -4*d - 732. Calculate the greatest common divisor of c and o.
36
Let z = 1110 - 1083. Let l(f) = -f**3 + 9*f**2 - 10*f + 6. Let y be l(6). What is the highest common divisor of y and z?
27
Suppose n + 4*q = -6, -4*q + 22 = 2*n + n. Suppose 49*x - 51*x = -n. What is the highest common factor of 7 and x?
7
Let b(r) = 45*r - 353. Let g be b(9). Let n(q) = 13*q**2 + q - 1. Let f be n(1). What is the greatest common divisor of f and g?
13
Let q = -618 - -624. Suppose 2*g - 3*u = -0*g + 87, u + 189 = 4*g. What is the highest common factor of g and q?
6
Suppose m = -0*l - 3*l + 27, 2*m = 5*l - 45. Let h be (18/5)/((81/10)/27). Calculate the highest common factor of l and h.
3
Let y be (-1)/4 - 52/(-16). Suppose 384 = 19*z - 528. Calculate the greatest common divisor of z and y.
3
Suppose -8*p + 5*p - 4*c + 39 = 0, -3*p - 2*c = -45. What is the greatest common factor of p and 272?
17
Let t be -1 + 2 + -18 + 4/(-4). Let o be (6402/t)/(-11) - (-1)/(-3). Calculate the highest common factor of 64 and o.
32
Suppose 4*h = 448 + 168. Calculate the greatest common divisor of 77 and h.
77
Let c(y) = -y**3 - y**2 + 4. Let i be -4 - 8*(-4)/8. Let l be c(i). Suppose -3*w + 172 = l*s + w, 2*w + 6 = 0. Calculate the greatest common factor of s and 23.
23
Suppose -4*h + 2*h = -48. Calculate the highest common factor of 88 and h.
8
Let x = 1177 - 1091. Calculate the greatest common divisor of 6 and x.
2
Suppose j - 82 = -h + 3*j, 211 = 3*h + j. Suppose -17*v = v - 324. What is the highest common factor of h and v?
18
Suppose -3 = -a + 2. Suppose -3*s - 55 = 59. Let w = 43 + s. Calculate the greatest common divisor of a and w.
5
Suppose -32*y + 8*y = -1200. What is the greatest common divisor of y and 30?
10
Let h = -31 + 22. Let v = 75 - h. Calculate the highest common divisor of v and 12.
12
Suppose -2*k + k = -5. Suppose 4*i + k*u - 83 = 2*u, -65 = -3*i - 5*u. Calculate the greatest common factor of i and 20.
20
Suppose 3*h + 85 - 112 = 0. What is the highest common factor of h and 189?
9
Let y = 137 + -135. Suppose 4*d + 0*u - 53 = -u, -3*d + 26 = -y*u. What is the highest common divisor of d and 48?
12
Let h(w) = 28*w**2 + 16*w + 7. Let p be h(9). What is the highest common divisor of p and 41?
41
Suppose -37*b = -21*b - 1824. Calculate the highest common divisor of b and 399.
57
Let h = -97 - -39. Let d = h + 73. Calculate the greatest common factor of d and 10.
5
Let q = 409 + -202. What is the greatest common divisor of 46 and q?
23
Let a(g) = -g + 26. Let y be a(11). Suppose 20*x = y*x - 90. Let r be (-924)/x*(-6)/(-4). What is the highest common factor of 11 and r?
11
Let h(f) = f**2 + 5*f + 4. Let q be h(-4). Let g be 2*(-6)/(-4) - q. Suppose -34 = g*c - 139. What is the highest common factor of 5 and c?
5
Suppose -2*a + 244 = 5*j, j - 56 = -10*a + 6*a. Calculate the highest common factor of j and 138.
6
Let j = 3 + 7. Let v(k) = 5*k**2 - 5*k - 6. Let c be v(-1). Suppose 0 = -c*o - 11*o + 375. Calculate the highest common factor of o and j.
5
Suppose 0 = 4*r + 6*v - v + 36, 3*v = r - 8. Let b = 36 - r. Calculate the greatest common factor of b and 200.
40
Suppose 4*y - 354 = 2*f, -276 = y - 4*y - 2*f. What is the greatest common factor of y and 480?
30
Suppose d + 2*y = 8, -4*y - 27 = -3*d - 9*y. Suppose -6 = 3*i, 4*k - d = 4*i + i. Let a be -3 - (-41 + 1 + k). What is the greatest common factor of a and 18?
18
Let z(v) = v**3 + 6. Let k be z(4). What is the highest common factor of k and 30?
10
Suppose 0 = -2*r + 6*r + 128. Let v = -14 - r. Let i be (v + -13)*(-1 + 4). What is the highest common divisor of 120 and i?
15
Let t(c) = 1. Let o(v) = 66*v + 4. Let h(p) = o(p) + 2*t(p). Let n be h(4). What is the highest common divisor of n and 30?
30
Let u be 59/(0 - (-1)/11). Let o = -341 + u. Calculate the greatest common factor of 44 and o.
44
Suppose -u - 4*p + 196 = -3, 0 = -5*u + 5*p + 1095. Calculate the highest common factor of 129 and u.
43
Let j(g) = -31*g - 8. Let q be j(-11). What is the highest common factor of q and 9?
9
Let j = 44 + -40. Suppose 5*k + 2*t = -5, 11 = 5*k - j*t - 14. What is the highest common factor of k and 7?
1
Suppose 24*p - 2*g = 20*p + 2854, -5*g = -2*p + 1423. Calculate the highest common factor of p and 68.
34
Let i be ((-6)/(-10))/(5/25). Suppose 0 = 5*z - i*y + 9, 6 = -5*z + 4*y - 6. Suppose -4*c + 239 + 37 = z. What is the highest common divisor of 23 and c?
23
Suppose q - 3*q - 6 = -4*i, -8 = -4*i. Let z(g) = 7*g**3 + g**2 - 2*g. Let r be z(q). What is the greatest common factor of 2 and r?
2
Let f be 89/2 - 3/6. Calculate the greatest common factor of 20 and f.
4
Let v be ((-24)/108)/((-2)/18). What is the greatest common divisor of v and 8?
2
Suppose -636 = n - 4*n. Let m be n/5 + 8/(-20). What is the highest common factor of 14 and m?
14
Let u(j) = 2*j**2 + 15*j + 76. Let p be u(-8). Calculate the greatest common factor of 112 and p.
28
Let k(u) = 2*u - 23. Let m be k(10). Let r be 0 - 4 - m - -33. Calculate the greatest common factor of r and 4.
4
Let r be (-13)/(-1) - (-5 + 0)/(-1). What is the highest common factor of r and 8?
8
Let g be ((-5103)/28)/((-6)/16). What is the greatest common factor of g and 6?
6
Suppose 0 = -36*m + 24*m + 48. Calculate the greatest common factor of m and 46.
2
Let i = 209 + -95. Suppose -62*o + 60*o + 76 = 0. Calculate the highest common factor of o and i.
38
Let n = -18 + 633. What is the greatest common divisor of 30 and n?
15
Let l be 1 + 11/(-9) + (-1464)/(-27). Suppose a + 35 = 2*u - l, 3*a = 2*u - 99. What is the highest common factor of 14 and u?
14
Suppose -i + 140 = -0*i. Let d = 236 + -158. Let z = d + -58. What is the greatest common divisor of i and z?
20
Let m be 1/2 - 12936/(-112). Calculate the greatest common factor of 2378 and m.
58
Suppose 2*i + i = 75. Suppose 0 = 5*u - i, -b - 2*b = -4*u - 61. Let t(h) = 3*h**2 + 4*h - 2. Let m be t(2). What is the highest common divisor of m and b?
9
Suppose 0 = -3*r + 15, -r = -z + 5*z - 21. Suppose -90 + 22 = -z*f. Suppose 4*u = 4*o - 36, 4*o + f = 2*o - 5*u. What is the highest common divisor of o and 6?
2
Let j(b) = b - 2. Let h be j(3). Let r be 7 + (1 + -2 - h). What is the greatest common divisor of 2 and r?
1
Suppose -d = -2*n + 9, 146*n + 2*d = 147*n. Calculate the highest common divisor of n and 106.
2
Let n = 1359 - 1244. What is the highest common divisor of 207 and n?
23
Suppose 5*d - 25 - 7 = -3*n, 2*d = 2*n. Suppose -c - 60 = -d*c. Calculate the greatest common factor of c and 10.
10
Let y be -136*(-22 + 20 - (-3)/2). What is the highest common factor of 85 and y?
17
Suppose y - 3*s = 7, 0 = -y - 2*s - 2*s + 14. Suppose y = d + 3*t, 7*d + 3*t = 2*d + 26. Let i = -4 + 6. What is the highest common factor of i and d?
2
Let i be 83 - (-4 + -2 + 4). Let u = 1 + -3. Let o be ((-68)/i)/(u/20). Calculate the highest common factor of 72 and o.
8
Suppose -2*u - 8 = -34. Let w = 14 - 10. Let l be 466/w - 1/(-2). Calculate the greatest common divisor of u and l.
13
Suppose 92*f - 36*f - 38976 = 0. Calculate the highest common divisor of f and 24.
24
Suppose -2*q + q = -181. Let m = -263 + q. Let n = -58 - m. Calculate the greatest common factor of n and 48.
24
Let s(o) be the third derivative of 5*o**4/8 - 2*o**3 + 3*o**2. Let p be s(4). What is the highest common divisor of p and 6?
6
Let z be 108/20 + 6/(-15). Let u be (z/2)/(10/80). What is the highest common divisor of u and 5?
5
Suppose 0 = -2*y - 2*y + 16. Suppose 5*h = 3*n - 88, -y*h + 2*h = 3*n + 52. Let g be 1/(h/(-18) - 1). Calculate the highest common divisor of g and 36.
9
Let p = 3393 + -1543. Calculate the greatest common factor of 20 and p.
10
Suppose -5*w + 50 = -4*l, 2*l + 20 = 2*w + l. Suppose 9*r - 601 + 466 = 0. What is the greatest common divisor of w and r?
5
Suppose -o + 5*k = -3, -3*o + 7 = -4*k - 2. Suppose -i + 2*d + 3*d = -166, -2*i + o*d + 360 = 0. What is the greatest common factor of i and 62?
62
Let i(h) = 2*h + 43 - 57 + 0*h. Let b be i(12). Let k(r) = -r + 10. Let u be k(0). What is the highest common factor of b and u?
10
Suppose -4*p - 102 = 3*a, 2*